mber?
True
Is 165995 a prime number?
False
Is 149279 a prime number?
False
Is 235101 prime?
False
Is 151691 a prime number?
False
Is 158959 a composite number?
False
Is 22177 prime?
False
Is 311099 a composite number?
False
Is 4331765 prime?
False
Is 314 a composite number?
True
Is 120157 composite?
False
Is 479309 composite?
False
Is 31549 a composite number?
True
Is 1017949 a composite number?
True
Is 13811 prime?
False
Is 56371 a composite number?
True
Is 3247 a composite number?
True
Is 15899 prime?
False
Is 5273 prime?
True
Is 7493 a prime number?
False
Is 131 a composite number?
False
Is 41521 composite?
False
Is 99497 a prime number?
True
Is 4987 composite?
False
Is 80183 composite?
True
Is 5721 a prime number?
False
Is 852913 composite?
False
Is 1205219 composite?
False
Is 3277 prime?
False
Is 14563 composite?
False
Is 76267 composite?
True
Is 104459 a prime number?
True
Is 216607 composite?
False
Is 9841 a prime number?
False
Is 14923 a composite number?
False
Is 76729 composite?
True
Is 46229 a composite number?
False
Is 45841 a prime number?
True
Is 851 a prime number?
False
Is 334921 composite?
True
Is 115631 a prime number?
True
Is 1709 a prime number?
True
Is 33109 a prime number?
False
Is 53651 composite?
True
Is 7499 a prime number?
True
Is 211753 composite?
True
Is 46619 composite?
False
Is 944273 prime?
False
Is 13507 prime?
False
Is 1073 a composite number?
True
Is 219653 prime?
False
Is 2623373 a composite number?
False
Is 298283 a prime number?
True
Is 212739 a composite number?
True
Is 20471 a prime number?
False
Is 12781 composite?
False
Is 27601 prime?
False
Is 1563 a composite number?
True
Is 1807 composite?
True
Is 69847 prime?
True
Is 82651 a composite number?
False
Is 2219351 a prime number?
True
Is 318261 prime?
False
Is 251387 composite?
False
Is 81281 a prime number?
True
Is 32273 composite?
True
Is 854365 a composite number?
True
Is 4449 a composite number?
True
Is 105673 a prime number?
True
Is 3091 a prime number?
False
Is 5854 a composite number?
True
Is 278261 prime?
True
Is 17687 composite?
True
Is 147263 a composite number?
False
Is 140263 a composite number?
False
Is 444274 prime?
False
Is 5981 a composite number?
False
Is 112137 a prime number?
False
Is 11851 composite?
True
Is 3293 a prime number?
False
Is 106094 prime?
False
Is 560398 prime?
False
Is 416573 a prime number?
True
Is 3389 a prime number?
True
Is 9071 prime?
False
Is 194433 a composite number?
True
Is 23189 composite?
False
Is 139989 a composite number?
True
Is 296473 composite?
False
Is 13829 a prime number?
True
Is 1227347 composite?
True
Is 49087 composite?
True
Is 167815 a composite number?
True
Is 49745 prime?
False
Is 5639 composite?
False
Is 42481 a composite number?
True
Is 88951 a prime number?
True
Is 39477 prime?
False
Is 404933 a composite number?
True
Is 8578 prime?
False
Is 1198699 a composite number?
False
Is 9647 composite?
True
Is 2609 a composite number?
False
Is 269 a composite number?
False
Is 263609 prime?
True
Is 70049 prime?
False
Is 6197 composite?
False
Is 27059 composite?
False
Is 7717 a prime number?
True
Is 10687 a prime number?
True
Is 184597 composite?
True
Is 98243 composite?
True
Is 20467 a composite number?
True
Is 709139 a prime number?
True
Is 5951 prime?
False
Is 5639 prime?
True
Is 52627 prime?
True
Is 65323 a prime number?
True
Is 2063211 a prime number?
False
Is 2371 composite?
False
Is 448131 a prime number?
False
Is 15511 prime?
True
Is 101681 a composite number?
False
Is 72139 a prime number?
True
Is 14123 prime?
False
Is 140962 a prime number?
False
Is 30029 prime?
True
Is 35023 a composite number?
False
Is 2488391 composite?
False
Is 3079 prime?
True
Is 77761 a composite number?
False
Is 350813 composite?
True
Is 5554 prime?
False
Is 15557 prime?
False
Is 59507 composite?
True
Is 114157 prime?
True
Is 128693 composite?
False
Is 378403 a composite number?
True
Is 69593 a prime number?
True
Is 309065 a composite number?
True
Is 34211 composite?
False
Is 923779 composite?
True
Is 319417 a prime number?
False
Is 262847 a prime number?
False
Is 490379 a prime number?
False
Is 108079 a composite number?
False
Is 18353 prime?
True
Is 136447 prime?
True
Is 2151517 a composite number?
False
Is 739693 a prime number?
True
Is 4385 a composite number?
True
Is 8329 composite?
False
Is 782053 a composite number?
False
Is 247523 a prime number?
False
Is 298399 prime?
True
Is 268403 prime?
True
Is 248497 composite?
True
Is 48647 a prime number?
True
Is 263605 a composite number?
True
Is 1284401 prime?
False
Is 344815 a composite number?
True
Is 261167 prime?
True
Is 1082017 prime?
True
Is 165629 a prime number?
False
Is 28907 prime?
False
Is 16963 a prime number?
True
Is 14349 a composite number?
True
Is 17657 a prime number?
True
Is 114689 a composite number?
False
Is 1228243 a prime number?
True
Is 770942 prime?
False
Is 33563 composite?
False
Is 15193 composite?
False
Is 1434991 composite?
False
Is 37667 prime?
False
Is 252359 a composite number?
False
Is 1869139 a composite number?
False
Is 2437 prime?
True
Is 384773 composite?
False
Is 148817 a composite number?
False
Is 1176199 composite?
True
Is 869833 a prime number?
False
Is 10997 a composite number?
True
Is 2707961 a prime number?
True
Is 2666087 a prime number?
True
Is 12661 a prime number?
False
Is 7883 composite?
False
Is 140963 a composite number?
True
Is 1319 a composite number?
False
Is 132829 composite?
True
Is 669347 composite?
True
Is 432609 a composite number?
True
Is 16013 a composite number?
True
Is 1235929 a prime number?
True
Is 2570177 composite?
False
Is 460721 composite?
False
Is 639983 composite?
False
Is 7321 prime?
True
Is 809113 a prime number?
False
Is 2478103 composite?
True
Is 116183 prime?
False
Is 33109 a composite number?
True
Is 503543 a prime number?
True
Is 107165 composite?
True
Is 265231 a prime number?
True
Is 4705 composite?
True
Is 271066 composite?
True
Is 210689 a composite number?
True
Is 235153 a prime number?
False
Is 29599 a composite number?
False
Is 389083 composite?
False
Is 1077673 composite?
False
Is 224891 prime?
True
Is 723529 prime?
True
Is 203039 composite?
False
Is 21163 composite?
False
Is 339941 a composite number?
True
Is 138469 composite?
False
Is 3629389 prime?
True
Is 663127 prime?
True
Is 226099 a composite number?
False
Is 155 composite?
True
Is 52694 a composite number?
True
Is 6353 a prime number?
True
Is 127337 composite?
True
Is 255283 composite?
True
Is 21687 a prime number?
False
Is 7499 a prime number?
True
Is 12515 prime?
False
Is 1761 a prime number?
False
Is 4649 prime?
True
Is 871 a composite number?
True
Is 499709 a prime number?
False
Is 3713 a composite number?
True
Is 42893 a composite number?
True
Is 22013 composite?
False
Is 194 prime?
False
Is 1061 a composite number?
False
Is 5897 prime?
True
Is 379 prime?
True
Is 77081 a prime number?
True
Is 36293 prime?
True
Is 69841 a prime number?
False
Is 31163 composite?
True
Is 253501 composite?
False
Is 2609 a composite number?
False
Is 118 a composite number?
True
Is 72461 composite?
False
Is 65921 composite?
False
Is 146209 composite?
True
Is 14621 a composite number?
False
Is 4327 composite?
False
Is 414199 prime?
True
Is 24499 composite?
False
Is 355 a composite number?
True
Is 12387 a composite number?
True
Is 44909 prime?
True
Is 151471 a composite number?
False
Is 8057 composite?
True
Is 125803 composite?
False
Is 169739 a composite number?
True
Is 49673 a composite number?
True
Is 181 a composite number?
False
Is 4529 composite?
True
Is 1350763 a composite number?
True
Is 100999 prime?
True
Is 267209 prime?
False
Is 650813 prime?
True
Is 980957 prime?
True
Is 152237 a composite number?
True
Is 39293 a composite number?
False
Is 9122 prime?
False
Is 65953 prime?
False
Is 742381 a composite number?
False
Is 3857559 a composite number?
True
Is 12811 a prime number?
False
Is 2903 a prime number?
True
Is 25859 a prime number?
False
Is 4125479 a prime number?
True
Is 5089 a composite number?
True
Is 12869 prime?
False
Is 1269673 a prime number?
False
Is 11287 a prime number?
True
Is 404617 a prime number?
False
Is 18493 a prime number?
True
Is 83 composite?
False
Is 3691 prime?
True
Is 2857 a prime number?
True
Is 78377 a prim